s digit of a?
5
Suppose 8*c + 66755 - 177007 = 103716. What is the hundreds digit of c?
7
Suppose -220 + 700 = -40*s. Let z = -23 + 40. Let x = z + s. What is the units digit of x?
5
Let w(b) = 36*b**3 + 10*b**2 - 32*b + 40. What is the units digit of w(6)?
4
Suppose 88156 = 5*w + b, 18*b - 23*b - 35284 = -2*w. What is the hundreds digit of w?
6
Let l(q) = 313*q**2 + 368*q - 2941. What is the thousands digit of l(8)?
0
Let q be (896 - -2)/((-15)/6 - -3). Suppose 2*c - q = 8*d - 3*d, 5*c + 4*d = 4457. What is the hundreds digit of c?
8
What is the ten thousands digit of (198/(-3))/(175716/(-210276) + 5/6)?
2
Suppose 24*s = 181785 - 24297. What is the tens digit of s?
6
Let s be 6/(-4)*(-4)/6 - -282. Suppose 0 = 2*l - 0*d + d + s, -5*l = 4*d + 712. What is the tens digit of (-12075)/l + (-2)/(-8)*-1?
8
Suppose -c - 4*x + 5607 = 0, -4*c - 3*x + 22402 = -0*c. Suppose -17*z - 771 = -c. What is the hundreds digit of z?
2
Let f(k) = -k**3 + 2*k + 1. Let h be f(-1). Let u(q) = q**3 - q**2 + 3*q - 8. Let n be u(4). Suppose j - 21 - n = h. What is the tens digit of j?
7
Suppose 0 = -5*y - 5*y - 2130. Let t = 489 + y. What is the tens digit of t?
7
Let y be (-1692)/(-45)*(2 - (-29)/(-2)). Let q = 683 + y. What is the units digit of q?
3
Let f be (3 - 84/27) + 112/36. Suppose 4*k - 8 = 0, -f*k + 193 = l - 8*k. What is the hundreds digit of l?
2
Let f be (-30)/(-35)*21/6. Suppose -2*r = -2, 5*c - 20 = -f*r + 8. Let j = c - -26. What is the units digit of j?
1
Let x(v) = 45*v**2 - 3 - v**3 + 7 - 46*v**2. Let a be x(0). Suppose a*u + u = 220. What is the tens digit of u?
4
Let z(r) = -2*r**2 - 14*r + 1. Let q be z(-4). What is the units digit of 5345/q - (-2)/10?
4
Let r = 14372 - 3027. What is the hundreds digit of r?
3
Let t be 3/(-3 - 0)*-29. Suppose -3*z - 14 = -t. Suppose z*m - m = 248. What is the tens digit of m?
6
Let l(j) = j**3 + 36*j**2 + 7*j - 318. What is the hundreds digit of l(-25)?
3
Suppose 0*y + 78 = 6*y. Suppose y*z = -346 + 5767. What is the units digit of z?
7
Let u(q) = -q**2 + 5*q - 3. Let g be u(4). What is the tens digit of 8/48 + (g - 557/(-6))?
9
Let m(u) = 475*u + 20. Let o be m(-12). Let l be (-2)/(-7) + (o/(-28))/4. Suppose 7*y + l - 506 = 0. What is the tens digit of y?
6
Suppose 4*a + 4045 = o, 3*a + 4044 = -2*o + 3*o. What is the units digit of o?
1
What is the tens digit of (3/(-26))/((-660)/1430) + 89519/4?
8
Suppose 296*f - 1781661 - 699203 = -513056. What is the units digit of f?
8
Let m(t) = t**2 + 12*t + 12. Let c be m(-11). Let y = 169 + -105. What is the tens digit of (23 + c)*176/y?
6
Suppose -f + 436*z + 51045 = 438*z, -3*f + 153115 = -4*z. What is the units digit of f?
1
Let z(y) = -148*y**3 - 9*y**2 - 33*y + 23. What is the tens digit of z(-5)?
6
Let d = 59 - 54. Suppose 4*t - d*v - 35 = 0, -34 - 16 = -5*t + 5*v. Suppose 0 = 12*z - t*z + 255. What is the units digit of z?
5
Suppose a - 9 = -5*t, 2*t - a = -5*a. Suppose l + l = -t*v + 132, -15 = 5*l. Suppose -6*x = -7*x + v. What is the units digit of x?
9
Let i = 532 - 241. Suppose 5*n = -v + i, 8*n - 4*n = 4*v - 1164. What is the units digit of v?
1
Let n(s) = -300*s - 10. Let c be n(2). Let k = c + 1804. What is the tens digit of k?
9
Suppose 0 = -57*z - 368914 + 1724545. What is the units digit of z?
3
Let p = 76 + -73. Let s(n) = 13*n + 1. Let j be s(3). Suppose 3*v = 3*l + 1 - j, 4*v - 60 = -p*l. What is the units digit of l?
6
Let m(k) = -k**3 + 39*k**2 - 70*k - 138. What is the units digit of m(-25)?
2
Let j(d) = 7*d - 29. Let x(h) = -8*h + 28. Let b(y) = -6*j(y) - 5*x(y). Let z be b(9). Let a = 48 + z. What is the tens digit of a?
6
Let i(f) = -80*f + 152. Let p(v) = 3*v**2 + 17*v + 7. Let u be p(-5). What is the units digit of i(u)?
2
Let u = 2829 - 2412. What is the tens digit of u?
1
Suppose 81*x - 1999158 = 26*x + 253862. What is the units digit of x?
4
Let c(s) = 59*s**3 - 76*s**2 + 356*s + 5. What is the thousands digit of c(5)?
7
Suppose 6*q + 93840 = 9*q - j, -31294 = -q - 2*j. What is the hundreds digit of q?
2
Suppose 72*v + 1247 = 29*v. Let w(a) = -20 - 7*a - a - 18 - 2. What is the hundreds digit of w(v)?
1
Suppose 17*k - 60 = -128. Suppose -w - 65 = 4*w. What is the units digit of (w/k + 2)/(6/80)?
0
Let l(a) = 120*a**2 - 5*a - 14. Let m be l(-3). Let p = m - 183. What is the units digit of p?
8
Suppose -24*c - 31460 = -35*c + c. What is the thousands digit of c?
3
Let d = 4634 + 18873. What is the tens digit of d?
0
Let k be (-32)/48 - 11/(-3). Suppose 0 = -5*o - 5, -204 = -0*c - c - k*o. What is the hundreds digit of c?
2
Let w(z) = -z**3 + 13*z**2 + 4*z - 4. Let c be w(13). Suppose 6*u + c = 9*u. Suppose -j - u*j + 646 = 0. What is the tens digit of j?
3
Let d(j) = 37*j**2 + 7*j - 32. Let u(i) = -4*i**2 + i - 1. Let p(l) = d(l) - u(l). What is the tens digit of p(4)?
4
Let u(r) = -66*r**3 + 65*r**3 + 5 + 8*r**2 + 43*r + 5*r**2. What is the tens digit of u(12)?
6
Let z(a) = 2*a**2 - 24*a + 19*a**2 + 52*a + 5 + a**3. What is the tens digit of z(-19)?
9
Let g(u) = -34*u + 277. Let i be g(8). Suppose 0 = i*m - 13*m + 6176. What is the units digit of m?
2
Let v(k) = k**2 + 49*k + 838. What is the tens digit of v(40)?
9
Suppose 0 = 65*c - 830583 - 3341897. What is the tens digit of c?
9
Let l = 4584 - -6797. What is the thousands digit of l?
1
What is the hundreds digit of 8/(-40) - -3*(-3119941)/(-165)?
7
Suppose 7*p - 13*p = -4*p. Suppose -24*d + 12011 + 4357 = p. What is the units digit of d?
2
Suppose -4*p - 25 = -5*f, 5*f - 10 = p - 0. Let u be 3/(-3)*(f - 6). Suppose u*w = -w + 528. What is the units digit of w?
8
Let s = -47 - -63. Let r(k) = -s + 53 - 6*k - 6*k. What is the units digit of r(-6)?
9
Let j(l) = -l**3 - l**2 + 4*l - 1. Let g be j(-3). Let w(p) = p**3 - 2*p**2 - 2*p + 3. Let i be w(g). Suppose -n = -2*n + i. What is the units digit of n?
8
Let z = 3876 - 7766. What is the thousands digit of (4 + (-153)/45)/((-2)/z)?
1
Suppose -4*d + 15 + 5 = 4*p, -d + 4*p = 5. Suppose 83 = 3*l + d*g - 379, -l + 163 = 4*g. Suppose 4*y = -l + 679. What is the hundreds digit of y?
1
What is the hundreds digit of 1819/107*335*1?
6
Let k(u) = u**3 + 6*u**2 - 7*u + 1. Let a(z) = -z**3 + 7*z**2 - 4*z - 19. Let n be a(6). What is the units digit of k(n)?
1
Let o(k) = 62*k**2 + 189*k + 4019. What is the tens digit of o(-24)?
9
Let b(m) = -724*m + 3598. What is the tens digit of b(-75)?
9
Let q(o) = 8*o + 5*o - 6*o + 2*o + 16. Let v be q(-22). What is the units digit of -3 - (v - (-6 + 4))?
7
Let o = 5606 - -6619. What is the tens digit of o?
2
Let h(k) = 46 - 79 + k + 62. What is the units digit of h(21)?
0
Let d = -379 - -175. Let z = d + 321. What is the hundreds digit of z?
1
Suppose -i + 399 = 4*y, -3*y + 4*i + 118 + 167 = 0. What is the units digit of y?
9
Suppose 11*x = -78*x + 525189. What is the units digit of x?
1
Suppose -6*w + 3*w - 4*l + 51 = 0, 4*w + 3*l - 61 = 0. Let g be ((-8)/6)/(256/(-62208)). Suppose -w*t + g = -7*t. What is the tens digit of t?
5
Suppose 0 = -10679*o + 10664*o + 35235. What is the tens digit of o?
4
Let f(n) = -60*n - 18. Let u be f(-2). Suppose -20 = 4*r + 2*m - 104, 0 = 5*r + 4*m - u. What is the units digit of r?
2
Suppose -10*w = -7*w - 1563. What is the tens digit of w?
2
Let r = 37117 + -7937. What is the tens digit of r?
8
Let w(y) = y**3 - 12*y**2 + 12*y + 20. Let f be w(11). Let x be 2*((-2349)/(-6))/9. Let a = f + x. What is the hundreds digit of a?
1
What is the units digit of 18 + (13 - -54335) - 17?
9
Let u = -2474 + 3587. What is the tens digit of u?
1
Let n be (8/18)/((-6)/(-54)). Suppose 2*o - 5594 = -n*k, 0 = -3*k - k + o + 5585. What is the units digit of k?
7
Let o(b) = 8*b - 67. Let i be o(4). What is the tens digit of (-402)/(-10) + i/175?
4
What is the tens digit of (125810*(-76)/(-570))/((-4)/(-6))?
6
Suppose -30 + 10 = -4*v. Suppose 4*w - 2*w = 4*d - 3138, v*d = 2*w + 3921. What is the hundreds digit of d?
7
Suppose 3*r - 835 = 2*g, -2*r - 3*g + 4*g + 555 = 0. Let t = r - 89. What is the hundreds digit of t?
1
Suppose 854 = 12*l + 614. Let q = -281 + 433. Suppose -q = l*v - 22*v. What is the units digit of v?
6
Let u = -3424 - -2295. What is the units digit of u/(-3) - (-120)/(-90)?
5
Let v = 499 - 502. Let h(m) = -2*m - 2. Let f be h(-7). What is the tens digit of -1 + f + (9/v)/(-1)?
1
